) = 1. Let k(g) = l(g) + 3*r(g). Give k(6).
-3
Let d(z) = -z. Let o(x) = 2*x**2 - 1. Let g be o(-1). Let s(k) = -2*k + 10. Let w(i) = g*d(i) - s(i). Suppose -12*m + 5*m = -42. Determine w(m).
-4
Suppose -12*l - 55 = -175. Let m(p) = p**3 - 10*p**2 - p + 12. What is m(l)?
2
Suppose 4*z - 3 + 23 = 0. Let g(n) = 3*n - 6. Let w(v) = 13. Let y(q) = g(q) + w(q). What is y(z)?
-8
Let y be -1*1 + (-2)/(-2). Let d(k) = 2*k + y*k**2 + 0*k - k**2 - k**3. Let a = 60482 - 60480. Determine d(a).
-8
Suppose 5*c = 4*c + 10975 - 10981. Let o(n) = n**3 + 9*n**2 + 8*n - 6. What is o(c)?
54
Let l(t) = -455*t - 7314. Let a be l(-16). Let i(h) = -5*h - 186. Give i(a).
-16
Suppose 78 = -4*c + 66. Let a(b) = b**2 + 6*b + 17. Let v be a(c). Let f(t) = -t + 18. What is f(v)?
10
Let r(i) = i**2 + 0*i**2 - 6*i - 4 + 12 + 5 + 0*i**2. Calculate r(3).
4
Let n = -54 - 114. Let b be (-4)/14 + (-720)/n. Let f(r) = -r**3 + 4*r**2 - 5*r + 3. Calculate f(b).
-17
Let p(t) = -4*t + 15. Let f be p(4). Let u be 66/55 - f/(-5). Let j(r) = -17*r**2 + r. Give j(u).
-16
Let n(p) = -98*p**2 - 47*p - 134. Let w(d) = 13*d**2 + 7*d + 19. Let b(x) = -2*n(x) - 15*w(x). Calculate b(13).
9
Let r(k) = k**2 + 2*k - 6 + 2*k**2 - 2*k**2. Let g = -264 - -270. Let m = 1 - g. Give r(m).
9
Let l(v) be the third derivative of -v**4/3 + 259*v**3/6 - 2140*v**2 - 1. What is l(33)?
-5
Let h(p) = p**2 - 10*p + 8. Suppose -2*i + 401 = -5*n, -1 = 4*n - 3*n. Suppose -2*j - i = -5*f, 6*f = 4*f + 5*j + 75. Let g = 49 - f. Determine h(g).
-1
Let l be (3 + (-27)/12)*(-8)/(-3). Suppose 5*t + 14 = -x - 2*x, l*x + 8 = -3*t. Let g(p) = -24*p**3 + 2*p**2 + 1 + 23*p**3 + p**2. Give g(x).
5
Let c(b) = -4*b. Let m(u) be the first derivative of -9*u**2/2 + u - 27. Let t(h) = 3*h - 17. Let o be t(5). Let y(k) = o*m(k) + 5*c(k). What is y(2)?
-6
Let y(i) = 52*i**3 - 265*i**2 - 455*i - 191. Let z(f) = -11*f**3 + 53*f**2 + 93*f + 38. Let x(m) = -4*y(m) - 19*z(m). What is x(-52)?
-10
Let u be -1*7*(-125)/175. Let t(z) = z**2 - 14*z + 19. Give t(u).
-26
Let n(q) be the first derivative of 7*q**2/2 - 3*q + 71. Suppose -5*c - 1 = 4. Let m(p) = -p. Let x(i) = c*n(i) - 6*m(i). Determine x(8).
-5
Let o(u) = -2*u**2 - 26*u + 93. Let l be o(-16). Let m(g) = -3*g**2 - 2*g - 6. Give m(l).
-27
Let z = 18 - 22. Suppose 0 = h - 4*u - 2, 19 = 4*h - 8*u + 3*u. Let c(f) = -h + 5 - f + 2 + 3. Calculate c(z).
8
Let t(m) = -3*m. Let r = -4 + 53. Let i = -46 + r. Suppose -2 = -5*w + i. Give t(w).
-3
Let w(d) = d - 13. Suppose -3*t + 10*f = 7*f + 279, 281 = -3*t + 2*f. Let b = t - -112. Calculate w(b).
4
Let n = -1081 + 1091. Let b(h) be the third derivative of -1/120*h**6 + h**3 + 5*h**2 + 3/8*h**4 + 0*h + 0 + 3/20*h**5. Calculate b(n).
-4
Let l(g) = -7*g**2 + 7*g - 7. Let i(v) = -39*v**2 + 36*v - 35. Let n(p) = 2*i(p) - 11*l(p). Suppose 0*s + s = -7. What is n(s)?
-7
Suppose -35*m + 219 + 26 = 0. Let w(l) = -19*l + 113. What is w(m)?
-20
Let t(n) be the second derivative of -n**6/60 + n**5/120 - 35*n**4/4 - 185*n. Let k(y) be the third derivative of t(y). Give k(3).
-35
Let b(r) = 4253*r**3 - 31*r - 4254*r**3 + 5 + 24*r - 9*r**2. Let u be (0 - 2 - -4)*-4. Give b(u).
-3
Let n(o) = 13 + 5*o + 3 - 2. Let l(p) = 89*p + 12990. Let k be l(-146). What is n(k)?
-6
Let d(v) = -v + 6. Let z be 4 - 8*(-1)/(-2). Suppose z = -3*c - 30 + 42. Suppose 3*h - 6 = 2*s, -s - 3*s = 2*h - c. What is d(s)?
6
Let w(k) = -15*k - 47*k - 18*k + 50*k - 73 - 55*k. What is w(-1)?
12
Let m(r) = r**3 + 8*r**2 + 295 - 95 + 6*r - 130 - 87. What is m(-8)?
-65
Let k(j) = 26*j**3 + 2*j. Let u = -351 + 352. Let y(n) = -n + 1. Let g(h) = u*y(h) + k(h). Determine g(-1).
-26
Let s(a) be the first derivative of -a**4/4 + 7*a**3/3 - a**2 + 4*a - 76596. Let v = -8 + 15. Calculate s(v).
-10
Let s(b) = 3*b - 6. Suppose -29*g - 2*g - 262 = 100*g. What is s(g)?
-12
Let j(h) = h**3 + 2*h**2 - h + 27. Suppose 60 = 656*k - 671*k. Calculate j(k).
-1
Let a(y) be the first derivative of 0*y**2 + 8/3*y**3 - 152 + 1/4*y**4 - 2*y. What is a(-8)?
-2
Let w(k) = -k**3 - 7*k**2 + 17*k - 5. Let d be w(-9). Suppose 4*i + 20 = -d*h, -3*i + 4*h - 30 = -2*i. Let b(c) = -c**2 - 10*c + 7. Calculate b(i).
7
Let r(x) = -12*x + 8. Let i(y) = 7*y - 4. Let m(f) = -7*i(f) - 4*r(f). Suppose 288 = -l + 283. Calculate m(l).
1
Let r = -10 - -26. Suppose 0 = v + 2*n - 12, -4*v = 3*n - r - 12. Let o(i) = -i**3 + 5*i**2 - 3*i - 4. Let p be o(v). Let q(b) = b**3 - b**2 + 7. Give q(p).
7
Suppose -2*i = 3*z - 9, -4*z - i = -0*z - 17. Suppose t + 2*w = -2*t + 9, -3*t = -5*w + 12. Let k(v) = -v - 3 - t + 3 + 4. Calculate k(z).
-2
Suppose 12*z = 18*z - 36. Suppose -3*q - z + 15 = 0. Let l(c) = 2*c**2 + c - 2. Calculate l(q).
19
Let m(u) = -4*u**2 + 17*u + 5. Suppose -27*d = 4159 - 4294. Give m(d).
-10
Let u(w) = -5*w - w**3 - 2*w**3 + 4*w**3 + 493 - 980 + 490. Determine u(-3).
-9
Let q(v) = -4*v + 2. Let c be q(-1). Let p = c - 5. Let j(l) = -p - 6*l + 5*l - 5. What is j(-6)?
0
Let f(s) = s + 1. Let k(m) = -27*m - 21. Let g be k(-2). Suppose -g*p + 29*p = 16. Determine f(p).
-3
Let v(p) = 2*p**2 - 5*p - 4. Suppose 2*l + 15 = 5*u - 81, 4*u = -l + 82. Let g(t) = -2*t + 44. Let o be g(u). Give v(o).
8
Suppose 5*v + 25 = -5*h, -30 = 621*h - 618*h. Let b(i) = 4*i**3 - 9*i**2 + 6*i + 10. Let z(x) = -x**3 + x**2 - x - 1. Let l(t) = b(t) + 3*z(t). Determine l(v).
-3
Suppose -106 = -5*z + 4*d, 2*z + 3*d + 4 = 51. Let b(q) = -q**2 + 25*q - 65. Let l be b(z). Let m(c) = -5*c + 12*c - 9*c - 5*c. Calculate m(l).
-7
Suppose -3*p + 5*c = 11 + 2, -2*p + 3*c - 9 = 0. Let m(d) = -2*d**3 - 13*d**2 - 10*d - 23. What is m(p)?
1
Let k be 2*5*2/(-4). Let v(o) = 4*o + 4. Suppose -32 = 2*w - 5*t, 0 = -6*w - 11*t + 16*t - 36. Let a(i) = -1. Let m(g) = k*a(g) + w*v(g). Give m(2).
-7
Let z(m) = 2*m + 5. Suppose r + 10 - 19 = -11. What is z(r)?
1
Let p(y) be the first derivative of 0*y**2 + 7/24*y**4 - 13/3*y**3 + 20 + 1/15*y**5 + 0*y + 1/360*y**6. Let k(x) be the third derivative of p(x). Give k(-6).
-5
Let h = 7 - 2. Suppose 0 = h*v + 8 + 32. Let i(f) = f**3 + 8*f**2 + 2*f - 9. Let z(m) = -m**3 - 8*m**2 - 3*m + 10. Let a(u) = -4*i(u) - 3*z(u). What is a(v)?
-2
Let k(x) = 62*x + 70. Let o(t) = -8*t - 3. Let h(i) = k(i) + 8*o(i). Determine h(14).
18
Suppose 0 = -15*i - 2110 - 1880. Let g = i + 273. Let c(h) = -h**3 + 8*h**2 - 6*h - 12. Determine c(g).
-5
Let n be 342 + -2 - (-7 - 24/(-2)). Let g = n - 339. Let l(r) = -2*r**2 - 5*r - 1. Calculate l(g).
-13
Let c(x) be the second derivative of 53*x**3/6 + 217*x**2/2 + 30*x. Let l be c(-4). Let o(k) = -k**3 + 5*k**2 - 5. Determine o(l).
-5
Let w(z) = -2*z**2 - 13*z - 19. Let i(t) = -t**2 - 6*t - 9. Let a(j) = 9*i(j) - 5*w(j). Calculate a(-13).
40
Let a(z) = -7*z**2 - 12*z - 5. Let v(l) = -13 - 14 + 3*l**2 - 9 + 5*l + 38. Let y(r) = -4*a(r) - 9*v(r). Let d be (-30)/7 + 10/35. Determine y(d).
6
Suppose -5*w + 5*a + 55 = -0*a, 2*a = 0. Let u(x) = -5 - 258*x + 257*x + 14 + w. Give u(11).
9
Let n(l) be the second derivative of 0 + l**2 + 1/12*l**4 + 186*l + 5/2*l**3. What is n(-15)?
2
Let a(s) = s**3 - 16*s**2 - 2*s + 3. Suppose -5*g - 27*h = -22*h - 100, 4*h - 16 = 0. What is a(g)?
-29
Let m(l) be the second derivative of 3*l**3/2 + l. Let o be ((-4)/70*-7)/(2/15). Suppose 0*g + 6 = 3*n + 3*g, o*n + g - 4 = 0. Calculate m(n).
9
Let k(f) = -7*f**3 + 3*f**2 + 6*f - 2. Let o(w) = 11*w**3 - 5*w**2 - 10*w + 3. Suppose 0 = 6*b - 4*b + 10. Let h(n) = b*o(n) - 8*k(n). Determine h(-2).
-7
Let d(a) = -23*a + 34. Let o be (52/(-130)*-5)/2. Give d(o).
11
Let z(b) be the third derivative of 7*b**2 + 0 + 2/3*b**3 + 0*b - 1/24*b**4. Let j be (-68)/(-17) + 0/((-1)/(-1)). Determine z(j).
0
Let v = -551 + 555. Let z(s) = 24*s**2 + v + 2 - 5*s + s - 23*s**2. Determine z(5).
11
Suppose 7906 = -560*r - 208*r + 20962. Let s(d) = -2*d**3 + 37*d**2 - 52*d + 6. What is s(r)?
-11
Let d(g) = -4*g**2 - 25*g - 14. Let t(k) = 7*k**2 + 42*k + 27. Let a(n) = 5*d(n) + 3*t(n). What is a(0)?
11
Let t(z) = 232*z - 336*z + 1 + 92*z. What is t(4)?
-47
Let p(v) = -8*v**2 - 7*v + 1. Let a(h) = -11*h**2 - 10*h + 2. Let r(x) = 5*a(x) - 7*p(x). Let o be 12/(-270)*-9 - (-26)/10. Determine r(o).
9
Let m(n) = -2*n**2 - 14*n - 57. Let c(i) = 2*i**2 + 16*i + 65. Let x(y) = -7*c(y) - 8*m(y). Determine x(-2).
9
Suppose 0 = 40*k + 140 + 367 - 107. Let i(n) = 14*n*